-6 + 3 - -1?
2
(12 - (20 + 5)) + 14
1
What is -39 + 37 - ((1 - 2) + 0)?
-1
Calculate 6 - (-1 + 7 + (-1 - 2)).
3
Evaluate -6 + 1 + -3 - (0 - 3).
-5
Evaluate -2 - -1 - (-7 + -4 + 8).
2
Evaluate (4 - 5) + 7 - 4.
2
What is 9 + -5 + -7 + 5 + 0?
2
Calculate -7 + 5 + 5 - 6.
-3
What is -1 + (6 - (-4 + 8))?
1
Calculate (12 - 10 - (1 + -3)) + -4.
0
What is the value of -9 + (7 - 3) - -10?
5
What is the value of -7 - (-6 + -10 - -6)?
3
What is the value of 2 + 16 + -10 + -20 + 2?
-10
What is the value of -3 + (-1 - 2 - -3) - 1?
-4
What is -5 + 4 + -7 + 5?
-3
What is (-1 - -8) + 13 + -17?
3
What is the value of 4 + -1 + 21 + -20?
4
4 - (-3 + 5 + -6)
8
Calculate 13 - (-3 - -8) - 7.
1
Evaluate -2 + 1 + (-7 - (-5 + -3)).
0
Calculate 5 + (-3 + 2 + -2 - -3).
5
Calculate 4 + -6 - (6 - 0 - 3).
-5
(7 + -4 - 5) + (1 - -5)
4
Evaluate 0 + (2 - 2) + -2 + 5.
3
(0 - -1) + (22 - 33)
-10
What is (-5 - 0 - 2) + 23 + -19?
-3
What is -3 - -1 - (-1 - -3)?
-4
What is the value of (1 - (3 - -6)) + 6?
-2
What is 2 + 3 - (-6 - 3 - -14)?
0
Evaluate (-14 - -3) + 17 - (2 + 0).
4
What is the value of 0 + -1 - -3 - (2 + -5)?
5
Calculate 2 - 0 - (-4 - -1 - -4).
1
What is the value of (-4 + 7 - 2) + -4?
-3
0 + 3 + (1 - 2)
2
Calculate -1 + -1 + (7 - 6 - -7).
6
What is 2 + -3 - (1 - 0)?
-2
Calculate (1 - -3) + (15 - 15).
4
What is the value of -6 + 2 - 7 - -14?
3
-6 - (-4 + (0 - 1))
-1
What is the value of -1 - (4 + -9 - (4 - 3))?
5
What is (0 - 3) + 3 + -1 - 0?
-1
What is the value of -6 + -2 + (-17 - -22)?
-3
5 + -3 + -5 + 6 + -6
-3
Evaluate (2 - 3) + (-14 - -12).
-3
What is the value of -6 + 23 + -12 + 2?
7
What is -26 + 25 - (-1 - -2) - -4?
2
What is -1 - (0 - 4) - (-65 + 72)?
-4
What is the value of (1 + 7 - 3) + -1?
4
Evaluate 3 + -8 + 2 + 0.
-3
What is the value of -4 - 1 - (7 - (2 - -5))?
-5
Evaluate 3 + -3 + 8 + -10.
-2
Evaluate 7 + (-2 - -2) + -5 + -5.
-3
3 + 1 - (-4 - (-6 + 6))
8
Evaluate 6 + 2 - (8 + (-3 - 1)).
4
Calculate 1 + 0 + 12 + 4 + -14.
3
-2 + (3 - 0) + 3 + -2
2
1 - 1 - (-25 + 7 - -24)
-6
What is (2 + 2 - 4) + 1?
1
Evaluate -2 - (5 + (-3 - (-4 + 3))).
-5
What is -7 - (6 + -12 - -10 - 4)?
-7
Evaluate 7 + -3 - (-3 - -3).
4
What is (-4 - (9 + -4)) + 8?
-1
8 + -1 + (0 - 4)
3
What is the value of -3 - ((4 - -7) + -8 - 3)?
-3
-3 - (-11 - (3 + -4)) - 5
2
What is the value of 1 - (2 + -4 + 2 + 2)?
-1
What is the value of -7 - (-1 - -5 - 4)?
-7
Calculate (-7 - -1) + 20 + 2 + -22.
-6
Evaluate 2 + 1 + 1 + -8.
-4
What is the value of 3 - (-2 - -2) - 7?
-4
Evaluate -2 + -2 - (85 + -98).
9
10 - 19 - (-9 + 0)
0
Calculate -5 + (-1 - -6) + -2.
-2
What is the value of -1 - 0 - (-3 - (6 + -15))?
-7
Evaluate 0 - (-4 - -8 - 0).
-4
Calculate -3 + 0 + -3 + 7.
1
What is 2 + (-4 - -6) + -10?
-6
Evaluate (1 - (4 + (0 - -3))) + 4.
-2
What is the value of 2 - (1 + -1 + 8)?
-6
What is the value of -8 - (8 + (-7 - 6))?
-3
Calculate (134 - 125) + (-10 - 0).
-1
What is the value of (7 - 1) + -20 + 14?
0
What is the value of -4 + (-3 - (-9 + -5)) - 2?
5
What is the value of (16 - 8) + -3 + -1 + 1?
5
Calculate (-2 - -2) + (8 - 12).
-4
Calculate 9 + 2 + -1 - 14.
-4
What is (0 - -6) + -7 + (4 - -1)?
4
What is -21 + 13 + 1 + -3 + 3?
-7
What is 2 - (-4 - -11) - (0 + -4)?
-1
Calculate -1 + 9 + -3 + -4.
1
1 + 2 + -4 + 11
10
Evaluate 2 - (4 + (0 - -4 - 8)).
2
Evaluate (0 - (3 + -2)) + 1.
0
Calculate (-15 + 4 - -23) + -8.
4
What is the value of 4 + -2 - (6 + -1) - 6?
-9
What is 11 + (4 - (-2 - -10))?
7
Calculate 0 + 1 - (31 + -34).
4
2 + (-6 - -2) - (-1 + 4)
-5
What is the value of 3 + -1 - (-5 - (-2 - 2))?
3
What is the value of 8 + 5 + -12 - 0?
1
-6 - (-5 + 6 + -3) - 1
-5
(-1 - -6) + (118 - 128)
-5
5 + 4 + -14 + 1
-4
Evaluate (-4 - (-8 - 2)) + -2.
4
Calculate 8 + 1 + -4 + -2.
3
Evaluate -10 + 6 + -4 + 6.
-2
Calculate 0 - -4 - (12 - (6 - -4)).
2
Evaluate -5 + 6 + 0 + -6.
-5
What is (-3 - -7) + 2 + -3?
3
What is the value of -4 - (-2 - -10 - 11)?
-1
What is the value of -8 + (17 - 0) + -7?
2
11 - (17 + (0 - 15))
9
Evaluate -43 + 37 + (-1 - -7).
0
Calculate -1 + 9 - 9 - 1.
-2
0 + ((-4 - -2) + -1 - -5)
2
Calculate -2 - ((-3 - -8) + -2).
-5
-23 + -9 + 19 + 4
-9
Evaluate 6 - (-1 + 6 + 0).
1
Evaluate -3 + (7 - 1) + (-3 - 0).
0
Evaluate 0 - 6 - ((13 - 37) + 12).
6
Calculate 1 - (-2 + 4 + 3).
-4
What is 14 - 1 - 6 - 6?
1
What is the value of 8 + -5 + 1 + 2 - 2?
4
Calculate -4 - (5 - 7) - 3.
-5
Evaluate (-4 - -1) + 179 + -167.
9
Calculate 3 + (4 - 1) + -3.
3
What is 2 + -4 + 2 + 10 + -5?
5
What is the value of (-6 + -1 + 4 - -2) + -7?
-8
What is -2 + 4 + -6 - -4?
0
What is 5 - (-1 - -10) - (-6 - 1)?
3
-4 - (2 - (14 + -4 + 1))
5
(5 - -2 - 13) + 3
-3
Evaluate (0 - (-1 - 3)) + -7 + -1.
-4
Calculate (29 - 27) + (1 - 1) - -4.
6
What is the value of 11 + -11 - 4 - (-7 - 0)?
3
(-1 - 1) + (-1 - 1)
-4
Calculate 5 - 6 - (-1 + -2 + 0).
2
(-5 - (5 - 0)) + 6
-4
(1 - -1) + (-10 - (-5 + -2))
-1
What is the value of -3 - -5 - (13 + -10)?
-1
Calculate 0 - ((-5 - -5) + 1).
-1
-8 - -7 - (-5 - -2)
2
What is the value of 1 - 7 - (5 + -6)?
-5
Calculate (11 - (6 + -15)) + -11.
9
What is the value of (2 - -5) + -4 + (-2 - 2)?
-1
Evaluate 1 + (6 - (-2 + 7)) + 0.
2
Calculate -11 + -4 + -1 + 10.
-6
Evaluate 7 - (-1 - -8 - (-48 + 47)).
-1
Evaluate 17 - 15 - (-1 + 7).
-4
What is -8 + 1 - (-7 + 5 + -2)?
-3
What is 1 + (3 - 6) + 2 + -2?
-2
(6 + -2 - 0) + -1
3
(4 - 2) + -2 + 1
1
Evaluate -4 + 4 - (3 + -10 - 0).
7
Calculate 7 - (2 + (-7 - -10)).
2
Calculate (-1 - -1) + -10 + 6.
-4
What is the value of -2 - 1 - -1 - -1?
-1
Calculate 0 - 1 - ((-3 - -3) + -3).
2
Evaluate -4 - 6 - -2 - (2 + -1).
-9
-1 + (5 - (3 - (-6 + 6)))
1
What is 4 + 0 - (-8 - -13)?
-1
What is 1 + 0 + (-4 - -1)?
-2
What is the value of ((5 - 1) + -4 - -5) + -10?
-5
14 - 27 - 1 - -4
-10
Evaluate (-2 - -7) + (-4 + 5 - 5).
1
What is -1 + 3 - (0 - 1)?
3
Calculate -4 + (8 - (-5 + 6)) + 0.
3
What is -6 - (-6 - 4) - 5?
-1
(14 - (-12 - -22)) + (-4 - 0)
0
Calculate -3 + -1 + 1 + 3.
0
Evaluate 5 - (0 + -7 + 9 - -8).
-5
What is the value of -1 - (-1 + 2) - (-3 + -1)?
2
Evaluate 1 + (4 - -4) + -2.
7
What is -7 - (-13 - (-7 - -8))?
7
What is (-1 - (-6 - (1 - 4))) + 3?
5
What is (-6 - -9) + -2 + 0 - -4?
5
Calculate -1 - (-2 - (6 - 3)).
4
What is -3 + (-5 + 2 - -9)?
3
Evaluate -2 - (7 + 1 - (1 + 6)).
-3
What is the value of 0 + 3 - (3 + (-2 - -1))?
1
What is -1 - (2 - ((-3 - -4) + 7))?
5
Calculate -5 - (-6 - -1) - 0.
0
Evaluate -1 + (4 + 1 - 7) - -8.
5
What is 1 + 3 + -1 + 2?
5
Evaluate -6 - (-5 - (-1 + -1)).
-3
Evaluate (-11 - (-1 - 4)) + 8.
2
Calculate 6 + -4 + -2 - 4.
-4
What is the value of -18 + 14 + 1 + 2?
-1
What is the value of 22 + -15 + 2 + 6 + -11?
4
What is the value of 1 + (-6 - ((-3 - -5) + 2))?
-9
Calculate -10 - ((-4 - 3) + 2).
-5
What is 5 - (4 + 3 + 0)?
-2
Calculate -1 + (-5 - 5) + 6.
-5
Evaluate 3 + -4 + 8 + -6.
1
What is -1 + -1 + 5 + 2 + -4?
1
What is (6 - 1) + -5 + 4 - 0?
4
What is the value of (-2 - (2 + 1 + -3)) + 3?
1
What is -3 + -2 + -4 + 5 + -1?
-5
(-2 - (-2 - -1)) + 0
-1
Evaluate 7 - 5 - (-3 + 5).
0
What is -8 + 2 - (0 - 6 - -7)?
-7
Evaluate 1 - (0 + -5 - -1).
5
Evaluate (-10 - 3) + 22 - 8.
1
Calculate -8 + -5 + 7 + 9.
3
Evaluate (-4 - (-8 + 8)) + (-3 - -2).
-5
-4 + 2 + -4 - -4
-2
What is the value of 7 - -1 - (22 + -18)?
4
(0 - 1) + -3 - (-24 + 24)
-4
Evaluate 2 - 5 - (50 - 59).
6
Evaluate (4 + 0 - 3) + 0 + -4.
-3
What is the value of (2 + -5 + 3 - -4) + -5?
-1
What is the value of 8 - (0 + (9 - 1))?
0
Evaluate (3 - (2 - 3)) + 0.
4
Calculate -6 - (-1 + -5 + 3 + 3).
-6
What is 48 + -36 - (0 + 0 - -5)?
7
Calculate 3 + (1 - (-4 - -3)).
5
Calculate 4 + -3 + -2 + 1 + 1.
1
What is 2 - (-9 - -5 - (0 - 5))?
1
Calculate 5 + (5 - (-3 - (-2 - 4))).
7
What is the value of -3 - (-1 + 4 - 11) - 4?
1
What is (3 - 2) + -3 + (0 - -4)?
2
-3 + 1 + 11 + -6
3
4 + (-10 - -4) + 5
3
(-8 - (4 - 3)) + 10
1
Calculate 2 + -3 - (7 + -11) - 7.
-4
What is the value of -2 + (10 - 6 - -1)?
3
Evaluate 4 + (-2 + -2 - 0) + 2.
2
What is the value of -5 + (-1 - -1 - (-28 + 25))?
-2
Calculate 4 + -3 + 4 + 0 + -4.
1
What is 6 - 5 - -6 - 3?
4
5 + (0 + -9 - (-3 - 2))
1
What is the value of -1 + 2 + -1 + -6 + 12?
6
What is the value of (5 - (7 - 1)) + -1 + 7?
5
9 + (-3 - 2) + 1
5
What is the value of 3 - (1 - (-2 - -3)) - -1?
4
Evaluate 12 + 4 - (-8 + 18).
6
Calculate -14 - (1 - 10 - -2).
-7
What is the v